*2 + j*u**2 - 6. Calculate h(-3).
-7
Let n(y) = -y**3 - y**2 + 5*y + 2. Let l(s) = -s**3 + 7*s**2 - 8*s + 9. Let d be l(6). Calculate n(d).
5
Let t be (2/6)/((-2)/(-132)). Let p = t + -17. Let a(g) be the third derivative of g**4/12 - 7*g**3/6 - g**2. Calculate a(p).
3
Suppose -2*u + u = -6. Let n(y) = -2*y + 8. Determine n(u).
-4
Suppose 0 = 4*c + 10 - 26. Let s(b) = -b**3 + 5*b**2 - 5*b + 6. What is s(c)?
2
Let q(y) = 6*y - 4*y + 1 - y - 2*y. Suppose 11 = -2*b + v, -3*b - 11 - 2 = -5*v. What is q(b)?
7
Let j(m) be the first derivative of m**3/3 - m**2/2 - 3*m + 3. Determine j(4).
9
Let g(k) be the second derivative of k**4/12 + 4*k**3/3 - 5*k**2/2 + 18*k. What is g(-8)?
-5
Let l(h) = -11*h**2 + 17*h + 15. Let z(o) = -7*o**2 + 11*o + 10. Let x(s) = -5*l(s) + 8*z(s). Calculate x(5).
-5
Suppose -2*z - 11 = -3*i, 0 = 4*z - 6 - 14. Let q(u) = 9*u**2 - 7*u + 5. Let h(r) = -10*r**2 + 8*r - 6. Let j(p) = i*q(p) + 6*h(p). Determine j(2).
9
Let p(a) = -3 + 2*a + 0*a - 3*a. Let f be (0*(-2)/(-8))/1*1. Give p(f).
-3
Let b(x) be the first derivative of -x**4/4 + x**3/3 + x**2/2 - 5*x + 1. Let j = 0 - -5. Let q be 0/((-6)/(-2 + j)). What is b(q)?
-5
Let a be (-6)/20*4*-5. Suppose -a = -r - 1. Let y(t) = 3*t + 3. Let z(l) = 2*l + 1. Let k(j) = r*z(j) - 3*y(j). Give k(4).
0
Let w(a) be the third derivative of a**5/60 + 5*a**4/24 + a**3/3 + a**2. Let l = -54 - -49. What is w(l)?
2
Let s(a) = -a**3 + 2*a**2 + 2. Let h(z) = -2*z**3 + 4*z**2 + 4. Let u be 2 - -8*2/(-4). Let c(y) = u*h(y) + 5*s(y). Let q be 2 + -2 + 4/2. Determine c(q).
2
Suppose -3*n + 4 = -2. Suppose 2 = -n*t - 0. Let a(v) = -4*v - 1. Give a(t).
3
Let d(t) = 5*t - 4*t + 0*t - 3*t + 3. Determine d(3).
-3
Let c = 16 + -22. Let w(s) = -s**3 - 7*s**2 - 7*s. Calculate w(c).
6
Let x be (-2231)/368 + 3/48. Let a(n) = -n**3 - 7*n**2 - 5*n - 4. Let k(r) = 3*r**3 + 21*r**2 + 15*r + 13. Let b(f) = -11*a(f) - 4*k(f). Give b(x).
-14
Let p(t) be the first derivative of 2*t**2 - 10. Determine p(1).
4
Suppose 0 = 4*t + 4*v + 20, v - 6*v - 4 = 2*t. Let c(w) = -w + 3. What is c(t)?
10
Suppose 2*u + 11 = -1. Let z(g) be the first derivative of g**5/60 + 5*g**4/24 - 4*g**3/3 + g**2/2 - 1. Let q(k) be the second derivative of z(k). Give q(u).
-2
Let a(i) = 0*i - 3*i + 3*i - 1 + 3*i. Let x = 3 + -1. What is a(x)?
5
Let l(b) = 4*b - 6. Let v(o) = 1. Let h(p) = -2*l(p) - 10*v(p). Give h(-2).
18
Let m(c) = 3*c**2 - c**2 - 3*c**2 + 5*c - 4. Let l = 4 + -4. Let w = l - -5. Give m(w).
-4
Let j(l) = 14 - 2*l**2 + 5*l**2 + 5*l**2 + l**3 + 8*l - 6. What is j(-7)?
1
Let l(z) be the first derivative of -z**2/2 + 7*z - 3. Suppose 0 = 3*v - 20 + 2. What is l(v)?
1
Let r(z) be the second derivative of -z**3/6 - z**2 + 8*z. What is r(0)?
-2
Let i(h) = -2*h**2 - 13*h - 6. Let j(n) = -n**2 - 6*n - 3. Let d(c) = 2*i(c) - 5*j(c). Let p(x) = -x + 8. Let s be p(11). Determine d(s).
0
Let j be (-32)/(-6)*3/2. Let l(n) = n**3 - 9*n**2 + 7*n - 7. Determine l(j).
-15
Let q(b) be the first derivative of -b**2/2 + 3*b + 8. Calculate q(6).
-3
Let l be (-2)/(1/(-2)*2). Let g(x) = -5*x + 1. Let m(o) = o + 1. Let v(z) = g(z) + 2*m(z). Give v(l).
-3
Let b(m) = -m + 15. Let x be 13*(2/4 + 4/8). Give b(x).
2
Let d(g) = g - 8*g + 3*g - g**2 + 5. Suppose -4*l - 32 = -2*c - 2*c, 2*c + 8 = -4*l. Let i be d(l). Let w(f) = -f**3 + 4*f**2 + 6*f - 5. Give w(i).
0
Let q(h) = -5*h**2 + 5*h - 6. Let w(u) be the first derivative of 3*u**3 - 9*u**2/2 + 11*u - 3. Let p(f) = 7*q(f) + 4*w(f). Determine p(2).
4
Let z(l) be the second derivative of l**3/3 + 3*l**2/2 + l. Suppose -5*q - 3 = 2. Let m = q - 3. What is z(m)?
-5
Let o(v) = -16*v + 56. Let w(r) = -3*r + 11. Let b(c) = 2*o(c) - 11*w(c). Calculate b(4).
-5
Suppose c - 8 = -3*c. Let m be (-1)/((-2)/c)*2. Let o(b) = -b + 0*b - m*b. Calculate o(1).
-3
Suppose 0 = -4*z - 4, 10*z - 5*z + 29 = 4*i. Let j(c) = -3 + 0 + c**3 - 5*c**2 + 3 - 3 - 6*c. What is j(i)?
-3
Let k(n) = 2*n**2 + 3*n. Suppose -9*w = 39 - 21. Give k(w).
2
Suppose -2*j + 9 = -5*d + 2*j, -3*j = 2*d - 1. Let u(r) = -1 + 7 + r + 12*r**2 - 6. Give u(d).
11
Let c(p) = -p**3 + 10*p**2 - p + 14. Let a be c(10). Let x(g) = g + 3 + a*g - 2. Suppose b + 2 = -t, -b + 6*b - 4*t - 17 = 0. What is x(b)?
6
Let a(k) = -k**2 + k + 4. Let n(b) = 8*b + 10. Let d(i) = -7*i - 9. Let g(p) = 5*d(p) + 4*n(p). Let v be g(-4). Let r = v - 10. Give a(r).
-8
Let t(l) = 5 - 7*l + l**2 + 0 + 2. Calculate t(6).
1
Let b = -19 + 18. Let d(j) = -6*j + 1 - 1. Calculate d(b).
6
Let g = 1 - -2. Suppose -g = -j - 9. Let c = j + 1. Let d(y) = y - 2. Give d(c).
-7
Let p be ((-9)/3)/(3/2). Let m = 5 + p. Let t(q) = -4 + 4*q**3 - m*q**2 - 3*q**3 + 2. Determine t(3).
-2
Let f(z) = 2*z**3 + 2*z**2 - z + 2. Let t(d) = d**2 + 6*d + 6. Let b be t(-4). Let v be b/(-3) - 8/3. Determine f(v).
-4
Let c(j) = -j - 3. Let g(t) = 2*t + 2. Let v(o) = 3*c(o) + 2*g(o). Determine v(8).
3
Let d(y) = y**3 + 3*y**2 - 5*y - 6. Let k(s) = 4*s**3 + 2*s**2 - 2*s + 1. Let m be k(1). Suppose 0 = -3*a - m - 7. Calculate d(a).
-2
Let i be ((-2)/(-4))/(3/(-24)). Let j be 2/1 + i - -4. Let x(y) = 8*y - 3*y + y**j - 6 + 0*y**2. Calculate x(-5).
-6
Let c(b) = -2*b**2 - 4*b - 3. Let m(p) = -2*p**2 - 4*p - 3. Let d(f) = 6*c(f) - 7*m(f). What is d(-2)?
3
Let y(b) = b. Let p be y(0). Let a(h) be the first derivative of -1 + 4*h - 1/2*h**2 - 1/3*h**3. What is a(p)?
4
Let c(t) be the third derivative of -t**9/15120 - t**8/10080 - t**7/5040 + t**5/20 + t**2. Let y(p) be the third derivative of c(p). What is y(-1)?
3
Let q = 3 - 0. Let s(k) = -4 - k + 3*k + q. Suppose -4*v - 10 = 10. What is s(v)?
-11
Let j(r) be the third derivative of -r**6/120 - 2*r**5/15 - r**4/24 - 3*r**3/2 - 5*r**2. Let p be j(-8). Let f(i) = i**3 + 2*i**2 - 1. Calculate f(p).
0
Let l be 8/(-28) + (-80)/14. Let o(a) = -2*a - 5. Give o(l).
7
Let q(a) = -1. Let l(b) = -b - 2. Let v(m) = -l(m) - 5*q(m). Give v(-6).
1
Let k(x) = 3*x**2 - x - 1. Let u be k(-1). Let n(w) = -u + 5 + 0 - w. Let l = 11 + -11. Calculate n(l).
2
Let r(z) = -2*z**2 - 1 + z**2 - 4*z**2 - 5 + 7*z. Let q(f) = -6*f**2 + 8*f - 7. Let k(p) = 6*q(p) - 7*r(p). What is k(-4)?
-12
Let t = -10 + 12. Let n(k) = 14*k**2 - t*k**2 - 5*k - 4*k**2 - 7*k**2 + 4. Calculate n(3).
-2
Let y(c) = -c**3 - 9*c**2 - 8*c + 6. Let f(d) = -9*d**2 - 3*d - 2. Let i be f(-1). Give y(i).
6
Let v(n) be the first derivative of 1/3*n**3 + 3*n - 5/2*n**2 - 3. Calculate v(2).
-3
Let s(y) = -y. Let o(v) = v**2 + 8*v + 7. Let j(z) = o(z) + 2*s(z). Suppose 0 = 2*l + 5 + 15. Let t = l - -5. Calculate j(t).
2
Suppose 0 = 4*a - 12 + 4. Suppose 25 = 3*v + a*v. Let f(q) = q - q - q + v. Determine f(0).
5
Suppose 4*m + 4 = 0, 7*x = 2*x + 5*m + 15. Suppose -17 = -x*f - 3. Let b = -5 + f. Let r(d) = -d**3 + 2*d**2 - 2*d + 1. Give r(b).
-3
Let t(c) = -5*c - 32. Let m(q) = q + 8. Let h(g) = 9*m(g) + 2*t(g). Let p be 145/(-45) - (-2)/9. Let n be (0 - -3) + p/(-1). What is h(n)?
2
Let x(d) = -2*d - 4. Suppose -3*p + 2*p + 5 = 0. Let t(k) = k**3 - 5*k**2 + 2*k - 6. Let j be t(p). What is x(j)?
-12
Let u(v) = 492*v - 244*v - 260*v. Suppose 0*l - 3 = 3*l. Determine u(l).
12
Let y(j) = j**2 - 11*j - 2. Let o = 7 - -4. Give y(o).
-2
Let z(k) = 2*k**3 + 0*k + 8*k**3 - 18*k**2 - k + 19*k**2. Give z(1).
10
Let i(z) be the first derivative of 5*z**4/2 + z**2/2 - z + 11. Give i(1).
10
Let u(q) = -q**2 + q. Let x(b) = -3*b**2 + 3*b + 1. Let d(i) = -7*u(i) + 3*x(i). Give d(3).
-9
Let j(z) = z**3 + 8*z**2 - 9*z - 5. Let a be j(-9). Let l = 5 - 3. Let w(r) = -r**3 + 0*r**3 - 3 - 5*r**2 + 0*r**2 - l*r. Calculate w(a).
7
Let z = 7 - 2. Let w(i) = -19*i + 14. Let j(s) = -6*s + 5. Let d(a) = 7*j(a) - 2*w(a). Let f(c) = c. Let q(v) = d(v) + 3*f(v). Give q(z).
2
Let u(b) be the third derivative of -b**5/60 - 5*b**4/24 + b**3/6 + b**2. Calculate u(-7).
-13
Let q(o) = -o + 1. Suppose -2*v + 24 = -0*v. Let x be (v/(-10))/(6/(-15)). Determine q(x).
-2
Let x(q) be the third derivative of -3*q**2 - 7/6*q**3 + 1/24*q**4 + 0 + 0*q. Give x(5).
-2
Let w(x) = -x. Suppose 5*v - 51 = i, -2*v + 19 = -0*v + i. Let t(q) = q - 10. Let u be t(v). Determine w(u).
0
Let a(n) = 2*n**2 + 2. Let m be (-1)/(-6) + 4*22/48. Give a(m).
10
Let c(v) = -8*v**3 - 2*v**2 - 2*v - 1. Let g = -20 - -19. What is c(g)?
7
Let y(i) be the third derivative of 0 + 1/6*i**3 + 0*i + 1/60*i*